u. Is i a composite number?
True
Let s be 3/((-22)/(-20) - 50/(-125)). Suppose 3*x + 2*g - 8818 = 4437, s*x + 4*g = 8842. Is x a prime number?
False
Let g(l) = -l**2 - 4*l + 14. Let x = 38 - 44. Let q be g(x). Suppose q*u - 715 - 283 = 0. Is u prime?
True
Suppose 17 = 5*c + 4*j - 9, 0 = c - 4*j + 14. Let o = -6138 - -9614. Suppose 2*i = -c*i + o. Is i composite?
True
Suppose 42*j = 43*j - 5*z - 333911, 4*z = j - 333911. Is j composite?
False
Let u(s) = -s**3 + 18*s**2 + 5*s - 86. Let d be u(18). Let y(q) = 551*q + 67. Is y(d) a prime number?
False
Suppose r - 1807 = 9*a - 11*a, 0 = -a - 5*r + 881. Suppose 0 = 2*j - 5*h - 451, 0 = 5*j + 3*h - a - 206. Is j prime?
True
Is (-16351291)/(-21) - (1716/693)/(-26) a composite number?
False
Suppose -24*i = -19*i - 150370. Is i + (6/(-4))/(21/(-70)) composite?
True
Let o(p) be the second derivative of 88*p**3/3 - 2*p**2 + 10*p. Let d be o(-1). Let c = d + 307. Is c composite?
False
Let f be -1 - (-17 - 4) - -4. Is -4*2/(f/(-7197)) prime?
True
Let g be ((-656)/(-6))/(2/(-3)). Is 3098 + (g/52 - (-6)/39) a prime number?
False
Let h(x) = -47*x**2 + 13*x + 1. Let j be h(4). Let g = j + 1178. Is g composite?
False
Let b(x) = 6*x**2 + 3*x + 10. Let k(m) = -m**3 - 5. Let s = 7 - 7. Let a be k(s). Is b(a) composite?
True
Let h(f) = 66*f**3 - 4*f**2 + 16*f - 21. Let v(y) = 44*y - 39. Let k be v(1). Is h(k) prime?
True
Suppose 0 = 2*s - 6*s + 12. Is 85302/35 + s/(-15) a composite number?
False
Suppose -2*d + 2*l + 17348 = 0, 3*l = 9*d - 5*d - 34691. Suppose 5*p - q - 22851 = 0, -2*p + q = -469 - d. Is p a prime number?
False
Suppose -11*p - 3*p + 616 = 0. Suppose p = 2*n - 2*k - 434, -5*k = -2*n + 490. Is n a prime number?
False
Let s be -8 - -5 - -3 - -1620. Suppose 12 = 4*l, -l - s = -4*g + 181. Is g a prime number?
False
Is (0/4 - (12 - 4)) + 663861 a composite number?
False
Suppose 2*g - 10 = 2*a, 2*g - 2 - 3 = a. Let o be ((-10)/4 - g)*(-28)/(-35). Is 1762 - (0 - o) - (4 + -1) a prime number?
False
Let m = 36392 - 22771. Is m a prime number?
False
Let x(j) = -j**2 + 12*j + 7. Suppose -5*f - 15 = -8*f. Let b = f - -4. Is x(b) composite?
True
Suppose -73*p + 12 = -70*p. Let c(h) = 108*h**3 + 2*h**2 + h - 1. Is c(p) a prime number?
True
Suppose 10 = 451*d - 453*d. Is d + (-25)/(-50)*766*4 a composite number?
True
Let g be (-1)/(-2) + (-9)/18. Suppose g*u - 20 = -3*c - 2*u, -2*c = 5*u - 28. Suppose 0 = -s + 5*y + 401 + 694, -4448 = -c*s + 3*y. Is s prime?
False
Let f(v) = -v**3 - 5*v**2 + 3*v + 17. Let l be f(-5). Suppose -l*c - 10*c = -48. Suppose i = c + 45. Is i prime?
False
Let l(m) = 14 - 220*m + 30 - 293*m. Is l(-5) a prime number?
True
Let o be -2 - 6/(-12)*16. Suppose -r = 4*g, 0 = 4*r - 2*r - 5*g. Suppose r = o*q - 114 - 576. Is q a prime number?
False
Suppose -2*v + 4*q = 6, -6*v = -v - 3*q + 8. Is 3/(-2 + -4)*(-1905 + v) a prime number?
True
Let x be (-60)/21 - -3 - (56/49 - 1). Suppose 2*b = -2*b. Suppose 5*u - 5*r - 5180 = b, 0 = -x*u + u - 5*r - 1024. Is u prime?
True
Suppose -250921 + 746497 = 5*w + 31*w. Is w prime?
False
Let i = 259846 + 911823. Is i a prime number?
True
Is (-8)/52 + 0 + 2/((-260)/(-68196850)) composite?
False
Let b be -3 + -1 + 2 + -14. Is 4/b - 1/(4/(-3405)) prime?
False
Let j(b) be the third derivative of -b**6/120 - b**5/30 + 5*b**4/24 + 7*b**3/6 - 3*b**2. Let i be j(-3). Is ((-26)/8 + 0)/i*-92 a prime number?
False
Let c(s) = 24*s**3 + 18*s**2 - 33*s - 28. Let q be c(12). Suppose 0*g - 4*g = -4*l - q, g - 3*l - 10912 = 0. Is g prime?
True
Let t(a) = -3*a**3 - 17*a**2 + 9*a - 8. Let f = 140 + -153. Is t(f) a prime number?
True
Let r be (-2)/(-12) - (-3990)/252. Suppose 0 = -r*v + 12*v + 14612. Is v a prime number?
False
Suppose 4*t = -t - 5, 4*z - 6 = -2*t. Let x = -38795 - -23472. Is z/9 - x/99 a prime number?
False
Let i(w) = -w**3 + 12*w**2 - 3*w + 10. Let y be i(12). Is (2/4)/(y/(-179764)) a prime number?
True
Is (102/255 - 14/(-10)) + (-27815190)/(-75) a prime number?
True
Let q be (0 - 2)/(5 + -6). Let s be 6 + (-9 - 0) - -5. Suppose -5*m - s*d + 1051 = q*d, -213 = -m + 2*d. Is m a composite number?
False
Let q be (-50)/6 + (-22)/(-66). Let f(d) = d**3 + 7*d**2 - 11*d + 6. Let y be f(q). Suppose 0 = -5*b + 2*b + y. Is b composite?
True
Let g(b) = 5*b**2 - 11*b - 10. Let x be g(8). Suppose -4*o = -p + x, -818 = -4*p + o + o. Is p prime?
False
Is -7 + (0 - -8) + 7023 + -29 prime?
False
Let v be -1889 + 3/(-3) - (3 - 5). Let i = v - -3402. Is i composite?
True
Let p = -40123 - -142392. Is p a composite number?
True
Suppose -10*q + 4 = -4*r - 12*q, -4*q - 5 = 5*r. Is ((-5620)/(-60))/(r + 70/69) a prime number?
False
Suppose -46*k + 2340120 = 4*k - 10*k. Is k composite?
True
Suppose 0 = 300*h - 328*h + 3108532. Is h composite?
True
Is (263474/12 - -2) + 85/102 composite?
True
Let x be ((-3)/((-15)/95))/((-4)/(-56)). Let t = -211 + x. Is t a composite number?
True
Let d(p) = -p**3 - p**2 - 7*p - 3. Let s be d(-2). Is 10/s*(-215655)/(-22) a prime number?
False
Suppose 3*i + 461422 = 5*o - 398589, 8*o + 2*i - 1376004 = 0. Is o prime?
True
Let v be (-1)/((-3 - -4)*-1) - 62. Let f = v + 62. Is (-285)/3*((-1)/f)/1 composite?
True
Suppose -2*j - 3*k = -14, 4*k - 16 = -0. Is j/11 + 1931904/528 a prime number?
True
Let l be (-117)/26*(-76)/6. Suppose l*n = 56*n + 1847. Suppose 306 + n = v. Is v a composite number?
False
Let y(f) = 65*f**3 + f**2 + 2*f - 2. Let d be y(2). Let c be ((-7)/((-21)/(-164)))/(1/(-24)). Suppose c = 2*r - d. Is r a composite number?
False
Let n be 380845/45 - 2/9. Let u be (-10)/650*-10 - (-57456)/26. Suppose -13*j + u + n = 0. Is j a composite number?
False
Suppose 0 = -t + 13*u - 9*u + 18, 2*t = -2*u + 66. Suppose 2*y - 4*y - 5*w = -30, 0 = -4*y + w + 104. Suppose y*x = t*x - 8755. Is x a composite number?
True
Is (-3)/3*(-7940 + -41) prime?
False
Let r = -523 - -539. Suppose -2*a - 22652 = -r*a. Is a prime?
False
Suppose -166412 = 3*b + 4*z, 2*z = -5*b - 282898 + 5526. Let a = b - -96589. Is a composite?
False
Suppose -152 = 11*k - 30*k. Suppose 12*b = k*b + 7052. Is b a composite number?
True
Let o(z) be the third derivative of 5*z**4/24 + 16*z**3/3 + 43*z**2. Let n be o(-6). Is ((-3)/6)/((n + -5)/2874) a prime number?
True
Is (348/(-232))/(0/(-2) - 9/372468) a composite number?
True
Suppose 0*k + 8*k = 88. Is (k - 116793/(-36))/(2/8) a prime number?
False
Suppose -z + 5 = -b - 4*z, -10 = 5*z. Is (7 + (-244)/(-16))/(b/116) prime?
False
Suppose 2*o + 4*d - 16 = 0, -5*d = 4*o - 14 - 24. Suppose 0 = 3*t - o*t + 13329. Is t composite?
False
Is ((-1730)/(-100)*(-12)/(-6))/(3/120795) prime?
False
Let j be (1/14 - (-12)/28)*37234. Let m = -11634 + j. Is m a prime number?
True
Let u(d) = -d**2 - 8*d - 12. Let r be u(-4). Suppose n + 3*n + w - r = 0, -n - 3*w = 10. Suppose n*x - 7*m = -2*m + 766, -4*x = m - 1488. Is x prime?
True
Let y(r) = 43*r**2 + 5*r - 3. Let w = -398 - -403. Is y(w) a composite number?
False
Let c(t) = -132231*t + 571. Is c(-2) prime?
False
Is ((-364)/13)/(-2) + 6299 composite?
True
Suppose 5*a + 3*v - 85399 = -9267, -30457 = -2*a + 3*v. Is a prime?
True
Is 5 - 76120764/(-108) - (-6)/54 composite?
True
Let g(b) = -358*b**3 - 8*b**2 + 6*b + 31. Is g(-3) a prime number?
False
Suppose -4*j + 8*j = -20. Let d be 1*j*(-72)/(-60). Let k(a) = 25*a**2 - a + 1. Is k(d) a composite number?
False
Suppose -3*f - 8*f + 6358 = 0. Let k = 1467 - f. Is k prime?
False
Let i(g) = 26*g**2 + 7*g - 27. Let p be i(-15). Let z = 1683 + p. Is z a composite number?
True
Suppose 131 = -3*k + 161. Suppose k*w = -w + 18227. Is w a composite number?
False
Suppose -22*r - 1 = -23*r. Let s(j) = -j**3 + j**2 + j + 1. Let g(n) = -207*n**3 + 4*n**2 + 5*n + 1. Let c(q) = -g(q) + 3*s(q). Is c(r) prime?
False
Let i be -2 + 5167 - 18/9. Is -3 + -1 + (-8 - i/(-3)) composite?
False
Let g(o) be the second derivative of o**4/12 + 7*o**3/6 - o**2/2 + o - 61. Is g(14) composite?
False
Suppose -123*q + 132*q - 36 = 0. Suppose -151*v = -q*o - 154*v + 39200, 0 = -4*o + 4*v + 39228. Is o a prime number?
True
Suppose 8*b - 3*h = 7*b + 60598, 8*b - h - 484715 = 0. Is b a composite number?
False
Suppose 17*k + z = 14*k - 267, 0 = -5*k - z - 449. Let d = -235 - -360. Let m = d + k. Is m prime?
False
Let x = -935 + 932. Is (x - 24/(-9))*-20946 a composite number?
True
Let c(w) = 2*w**3 - 5